Dec 02 16:44:13.750 INFO testing simplebase-0.2.4 against master#8940af3cea4a9a9deabcaf843b2f8cad9a83fc61 for beta-1.31-5
Dec 02 16:44:13.750 INFO running `"docker" "create" "-v" "/mnt/big/crater/work/local/target-dirs/beta-1.31-5/worker-2/master#8940af3cea4a9a9deabcaf843b2f8cad9a83fc61:/target:rw,Z" "-v" "/mnt/big/crater/work/local/test-source/worker-2/beta-1.31-5/master#8940af3cea4a9a9deabcaf843b2f8cad9a83fc61:/source:ro,Z" "-v" "/mnt/big/crater/work/local/cargo-home:/cargo-home:ro,Z" "-v" "/mnt/big/crater/work/local/rustup-home:/rustup-home:ro,Z" "-e" "USER_ID=1000" "-e" "SOURCE_DIR=/source" "-e" "USER_ID=1000" "-e" "CMD=cargo +8940af3cea4a9a9deabcaf843b2f8cad9a83fc61-alt build --frozen" "-e" "CARGO_TARGET_DIR=/target" "-e" "CARGO_INCREMENTAL=0" "-e" "RUST_BACKTRACE=full" "-e" "RUSTFLAGS=--cap-lints=warn" "-e" "CARGO_HOME=/cargo-home" "-e" "RUSTUP_HOME=/rustup-home" "-m" "1536M" "--network" "none" "crater"`
Dec 02 16:44:13.985 INFO [stdout] f61ce22919b95268038a7c0e25946da06a19f2d7af3eb9eb6482931ab01c7303
Dec 02 16:44:13.989 INFO running `"docker" "start" "-a" "f61ce22919b95268038a7c0e25946da06a19f2d7af3eb9eb6482931ab01c7303"`
Dec 02 16:44:14.646 INFO [stderr] usermod: no changes
Dec 02 16:44:14.693 INFO [stderr]    Compiling simplebase v0.2.4 (/source)
Dec 02 16:44:15.998 INFO [stderr]     Finished dev [unoptimized + debuginfo] target(s) in 1.31s
Dec 02 16:44:15.998 INFO [stderr] su: No module specific data is present
Dec 02 16:44:16.308 INFO running `"docker" "inspect" "f61ce22919b95268038a7c0e25946da06a19f2d7af3eb9eb6482931ab01c7303"`
Dec 02 16:44:16.368 INFO running `"docker" "rm" "-f" "f61ce22919b95268038a7c0e25946da06a19f2d7af3eb9eb6482931ab01c7303"`
Dec 02 16:44:16.442 INFO [stdout] f61ce22919b95268038a7c0e25946da06a19f2d7af3eb9eb6482931ab01c7303
Dec 02 16:44:16.445 INFO running `"docker" "create" "-v" "/mnt/big/crater/work/local/target-dirs/beta-1.31-5/worker-2/master#8940af3cea4a9a9deabcaf843b2f8cad9a83fc61:/target:rw,Z" "-v" "/mnt/big/crater/work/local/test-source/worker-2/beta-1.31-5/master#8940af3cea4a9a9deabcaf843b2f8cad9a83fc61:/source:ro,Z" "-v" "/mnt/big/crater/work/local/cargo-home:/cargo-home:ro,Z" "-v" "/mnt/big/crater/work/local/rustup-home:/rustup-home:ro,Z" "-e" "USER_ID=1000" "-e" "SOURCE_DIR=/source" "-e" "USER_ID=1000" "-e" "CMD=cargo +8940af3cea4a9a9deabcaf843b2f8cad9a83fc61-alt test --frozen --no-run" "-e" "CARGO_TARGET_DIR=/target" "-e" "CARGO_INCREMENTAL=0" "-e" "RUST_BACKTRACE=full" "-e" "RUSTFLAGS=--cap-lints=warn" "-e" "CARGO_HOME=/cargo-home" "-e" "RUSTUP_HOME=/rustup-home" "-m" "1536M" "--network" "none" "crater"`
Dec 02 16:44:16.660 INFO [stdout] be0361e401dee09c3185fc0dac7f3be9bef801f3c5217569771b6b15c780844c
Dec 02 16:44:16.662 INFO running `"docker" "start" "-a" "be0361e401dee09c3185fc0dac7f3be9bef801f3c5217569771b6b15c780844c"`
Dec 02 16:44:17.079 INFO [stderr] usermod: no changes
Dec 02 16:44:17.115 INFO [stderr]    Compiling simplebase v0.2.4 (/source)
Dec 02 16:44:18.908 INFO [stderr]     Finished dev [unoptimized + debuginfo] target(s) in 1.80s
Dec 02 16:44:18.910 INFO [stderr] su: No module specific data is present
Dec 02 16:44:19.179 INFO running `"docker" "inspect" "be0361e401dee09c3185fc0dac7f3be9bef801f3c5217569771b6b15c780844c"`
Dec 02 16:44:19.259 INFO running `"docker" "rm" "-f" "be0361e401dee09c3185fc0dac7f3be9bef801f3c5217569771b6b15c780844c"`
Dec 02 16:44:19.380 INFO [stdout] be0361e401dee09c3185fc0dac7f3be9bef801f3c5217569771b6b15c780844c
Dec 02 16:44:19.383 INFO running `"docker" "create" "-v" "/mnt/big/crater/work/local/target-dirs/beta-1.31-5/worker-2/master#8940af3cea4a9a9deabcaf843b2f8cad9a83fc61:/target:rw,Z" "-v" "/mnt/big/crater/work/local/test-source/worker-2/beta-1.31-5/master#8940af3cea4a9a9deabcaf843b2f8cad9a83fc61:/source:ro,Z" "-v" "/mnt/big/crater/work/local/cargo-home:/cargo-home:ro,Z" "-v" "/mnt/big/crater/work/local/rustup-home:/rustup-home:ro,Z" "-e" "USER_ID=1000" "-e" "SOURCE_DIR=/source" "-e" "USER_ID=1000" "-e" "CMD=cargo +8940af3cea4a9a9deabcaf843b2f8cad9a83fc61-alt test --frozen" "-e" "CARGO_TARGET_DIR=/target" "-e" "CARGO_INCREMENTAL=0" "-e" "RUST_BACKTRACE=full" "-e" "RUSTFLAGS=--cap-lints=warn" "-e" "CARGO_HOME=/cargo-home" "-e" "RUSTUP_HOME=/rustup-home" "-m" "1536M" "--network" "none" "crater"`
Dec 02 16:44:19.562 INFO [stdout] 72f36a0fd4fed1e7131ba2bdb8d3e182c1be8bc8fada5dc1f23d3ad39c052c01
Dec 02 16:44:19.564 INFO running `"docker" "start" "-a" "72f36a0fd4fed1e7131ba2bdb8d3e182c1be8bc8fada5dc1f23d3ad39c052c01"`
Dec 02 16:44:20.200 INFO [stderr] usermod: no changes
Dec 02 16:44:20.229 INFO [stderr]     Finished dev [unoptimized + debuginfo] target(s) in 0.01s
Dec 02 16:44:20.230 INFO [stderr]      Running /target/debug/deps/simplebase-cc02f298386421f8
Dec 02 16:44:20.233 INFO [stdout] 
Dec 02 16:44:20.233 INFO [stdout] running 13 tests
Dec 02 16:44:20.234 INFO [stdout] test tests::test::test_add_record_with_key ... ok
Dec 02 16:44:20.234 INFO [stdout] test tests::test::test_add_record_with_key_exclusive ... ok
Dec 02 16:44:20.236 INFO [stdout] test tests::test::test_add_record ... ok
Dec 02 16:44:20.236 INFO [stdout] test tests::test::test_auto_converter ... ok
Dec 02 16:44:20.236 INFO [stdout] test tests::test::test_delete_record ... ok
Dec 02 16:44:20.239 INFO [stdout] test tests::test::test_new_empty_database ... ok
Dec 02 16:44:20.239 INFO [stdout] test tests::test::test_find ... ok
Dec 02 16:44:20.246 INFO [stdout] test tests::test::test_find_key ... ok
Dec 02 16:44:20.246 INFO [stdout] test tests::test::test_verify_record ... ok
Dec 02 16:44:20.246 INFO [stdout] test tests::test::test_check_types ... ok
Dec 02 16:44:20.246 INFO [stdout] test tests::test::test_verify_database ... ok
Dec 02 16:44:20.256 INFO [stdout] test tests::test::test_typical_database_session ... FAILED
Dec 02 16:44:20.257 INFO [stdout] test tests::test::test_save_and_load_database ... FAILED
Dec 02 16:44:20.257 INFO [stdout] 
Dec 02 16:44:20.257 INFO [stdout] failures:
Dec 02 16:44:20.257 INFO [stdout] 
Dec 02 16:44:20.257 INFO [stdout] ---- tests::test::test_typical_database_session stdout ----
Dec 02 16:44:20.257 INFO [stdout] thread 'tests::test::test_typical_database_session' panicked at 'called `Result::unwrap()` on an `Err` value: Os { code: 30, kind: Other, message: "Read-only file system" }', libcore/result.rs:1009:5
Dec 02 16:44:20.257 INFO [stdout] stack backtrace:
Dec 02 16:44:20.257 INFO [stdout]    0:     0x55cd0da12f8f - std::sys::unix::backtrace::tracing::imp::unwind_backtrace::h3a8b83e1922cbdde
Dec 02 16:44:20.257 INFO [stdout]                                at libstd/sys/unix/backtrace/tracing/gcc_s.rs:49
Dec 02 16:44:20.257 INFO [stdout]    1:     0x55cd0da1bfd7 - std::sys_common::backtrace::print::h00d3155a29b4020f
Dec 02 16:44:20.257 INFO [stdout]                                at libstd/sys_common/backtrace.rs:71
Dec 02 16:44:20.257 INFO [stdout]                                at libstd/sys_common/backtrace.rs:59
Dec 02 16:44:20.257 INFO [stdout]    2:     0x55cd0da16cbf - std::panicking::default_hook::{{closure}}::hd7465c742e79e1bb
Dec 02 16:44:20.257 INFO [stdout]                                at libstd/panicking.rs:211
Dec 02 16:44:20.257 INFO [stdout]    3:     0x55cd0da169be - std::panicking::default_hook::h9e3966f2aa2a6e12
Dec 02 16:44:20.257 INFO [stdout]                                at libstd/panicking.rs:221
Dec 02 16:44:20.257 INFO [stdout]    4:     0x55cd0da1739e - std::panicking::rust_panic_with_hook::h587f091ae747d080
Dec 02 16:44:20.257 INFO [stdout]                                at libstd/panicking.rs:476
Dec 02 16:44:20.258 INFO [stdout]    5:     0x55cd0da16f41 - std::panicking::continue_panic_fmt::hb3a4fdede87f43a8
Dec 02 16:44:20.258 INFO [stdout]                                at libstd/panicking.rs:390
Dec 02 16:44:20.258 INFO [stdout]    6:     0x55cd0da16e25 - rust_begin_unwind
Dec 02 16:44:20.258 INFO [stdout]                                at libstd/panicking.rs:325
Dec 02 16:44:20.258 INFO [stdout]    7:     0x55cd0da5a43c - core::panicking::panic_fmt::h6f9cebf5e7474a0b
Dec 02 16:44:20.258 INFO [stdout]                                at libcore/panicking.rs:77
Dec 02 16:44:20.258 INFO [stdout]    8:     0x55cd0d9c2e67 - core::result::unwrap_failed::h5e79e7d81653d0ce
Dec 02 16:44:20.258 INFO [stdout]                                at libcore/macros.rs:26
Dec 02 16:44:20.258 INFO [stdout]    9:     0x55cd0d9c20ab - <core::result::Result<T, E>>::unwrap::ha920289f04cb5e9e
Dec 02 16:44:20.258 INFO [stdout]                                at libcore/result.rs:808
Dec 02 16:44:20.258 INFO [stdout]   10:     0x55cd0d99a598 - simplebase::engine::save_hash_database::hf10a04f8f609e806
Dec 02 16:44:20.258 INFO [stdout]                                at src/engine/mod.rs:100
Dec 02 16:44:20.258 INFO [stdout]   11:     0x55cd0d9a0fa8 - simplebase::engine::RecordData::save_database::h1472ad8b9d823ddb
Dec 02 16:44:20.258 INFO [stdout]                                at src/engine/mod.rs:837
Dec 02 16:44:20.258 INFO [stdout]   12:     0x55cd0d9a46e4 - simplebase::tests::test::test_typical_database_session::hed36fc982ac07ef7
Dec 02 16:44:20.258 INFO [stdout]                                at src/tests/mod.rs:141
Dec 02 16:44:20.258 INFO [stdout]   13:     0x55cd0d9a4409 - simplebase::tests::test::test_typical_database_session::{{closure}}::h03ffbbdc5aa933fe
Dec 02 16:44:20.258 INFO [stdout]                                at src/tests/mod.rs:119
Dec 02 16:44:20.258 INFO [stdout]   14:     0x55cd0d9ae37d - core::ops::function::FnOnce::call_once::h760dd3ab35124ae7
Dec 02 16:44:20.258 INFO [stdout]                                at libcore/ops/function.rs:238
Dec 02 16:44:20.258 INFO [stdout]   15:     0x55cd0d9c6dbe - <F as alloc::boxed::FnBox<A>>::call_box::hac903f91577a156c
Dec 02 16:44:20.258 INFO [stdout]                                at libtest/lib.rs:1468
Dec 02 16:44:20.258 INFO [stdout]                                at libcore/ops/function.rs:238
Dec 02 16:44:20.258 INFO [stdout]                                at liballoc/boxed.rs:672
Dec 02 16:44:20.258 INFO [stdout]   16:     0x55cd0da26f89 - __rust_maybe_catch_panic
Dec 02 16:44:20.258 INFO [stdout]                                at libpanic_unwind/lib.rs:102
Dec 02 16:44:20.258 INFO [stdout]   17:     0x55cd0d9e8a12 - std::sys_common::backtrace::__rust_begin_short_backtrace::hb8f0d0309526c184
Dec 02 16:44:20.258 INFO [stdout]                                at libstd/panicking.rs:289
Dec 02 16:44:20.258 INFO [stdout]                                at libstd/panic.rs:392
Dec 02 16:44:20.258 INFO [stdout]                                at libtest/lib.rs:1423
Dec 02 16:44:20.258 INFO [stdout]                                at libstd/sys_common/backtrace.rs:136
Dec 02 16:44:20.258 INFO [stdout]   18:     0x55cd0d9e94c4 - std::panicking::try::do_call::hc2f7c8b9a348d8db
Dec 02 16:44:20.258 INFO [stdout]                                at libstd/thread/mod.rs:409
Dec 02 16:44:20.258 INFO [stdout]                                at libstd/panic.rs:313
Dec 02 16:44:20.258 INFO [stdout]                                at libstd/panicking.rs:310
Dec 02 16:44:20.258 INFO [stdout]   19:     0x55cd0da26f89 - __rust_maybe_catch_panic
Dec 02 16:44:20.258 INFO [stdout]                                at libpanic_unwind/lib.rs:102
Dec 02 16:44:20.258 INFO [stdout]   20:     0x55cd0d9d66fc - <F as alloc::boxed::FnBox<A>>::call_box::h6bfded618e480b32
Dec 02 16:44:20.258 INFO [stdout]                                at libstd/panicking.rs:289
Dec 02 16:44:20.258 INFO [stdout]                                at libstd/panic.rs:392
Dec 02 16:44:20.258 INFO [stdout]                                at libstd/thread/mod.rs:408
Dec 02 16:44:20.258 INFO [stdout]                                at liballoc/boxed.rs:672
Dec 02 16:44:20.258 INFO [stdout]   21:     0x55cd0da14bad - std::sys_common::thread::start_thread::h4c28257d67cdf9cb
Dec 02 16:44:20.258 INFO [stdout]                                at liballoc/boxed.rs:682
Dec 02 16:44:20.258 INFO [stdout]                                at libstd/sys_common/thread.rs:24
Dec 02 16:44:20.258 INFO [stdout]   22:     0x55cd0da0a0c5 - std::sys::unix::thread::Thread::new::thread_start::hfecb2e7eff8fd34f
Dec 02 16:44:20.258 INFO [stdout]                                at libstd/sys/unix/thread.rs:90
Dec 02 16:44:20.258 INFO [stdout]   23:     0x7fb2dfd256b9 - start_thread
Dec 02 16:44:20.258 INFO [stdout]   24:     0x7fb2df84541c - clone
Dec 02 16:44:20.258 INFO [stdout]   25:                0x0 - <unknown>
Dec 02 16:44:20.258 INFO [stdout] 
Dec 02 16:44:20.258 INFO [stdout] ---- tests::test::test_save_and_load_database stdout ----
Dec 02 16:44:20.258 INFO [stdout] thread 'tests::test::test_save_and_load_database' panicked at 'called `Result::unwrap()` on an `Err` value: Os { code: 30, kind: Other, message: "Read-only file system" }', libcore/result.rs:1009:5
Dec 02 16:44:20.258 INFO [stdout] stack backtrace:
Dec 02 16:44:20.258 INFO [stdout]    0:     0x55cd0da12f8f - std::sys::unix::backtrace::tracing::imp::unwind_backtrace::h3a8b83e1922cbdde
Dec 02 16:44:20.258 INFO [stdout]                                at libstd/sys/unix/backtrace/tracing/gcc_s.rs:49
Dec 02 16:44:20.258 INFO [stdout]    1:     0x55cd0da1bfd7 - std::sys_common::backtrace::print::h00d3155a29b4020f
Dec 02 16:44:20.258 INFO [stdout]                                at libstd/sys_common/backtrace.rs:71
Dec 02 16:44:20.258 INFO [stdout]                                at libstd/sys_common/backtrace.rs:59
Dec 02 16:44:20.258 INFO [stdout]    2:     0x55cd0da16cbf - std::panicking::default_hook::{{closure}}::hd7465c742e79e1bb
Dec 02 16:44:20.258 INFO [stdout]                                at libstd/panicking.rs:211
Dec 02 16:44:20.258 INFO [stdout]    3:     0x55cd0da169be - std::panicking::default_hook::h9e3966f2aa2a6e12
Dec 02 16:44:20.258 INFO [stdout]                                at libstd/panicking.rs:221
Dec 02 16:44:20.258 INFO [stdout]    4:     0x55cd0da1739e - std::panicking::rust_panic_with_hook::h587f091ae747d080
Dec 02 16:44:20.258 INFO [stdout]                                at libstd/panicking.rs:476
Dec 02 16:44:20.258 INFO [stdout]    5:     0x55cd0da16f41 - std::panicking::continue_panic_fmt::hb3a4fdede87f43a8
Dec 02 16:44:20.258 INFO [stdout]                                at libstd/panicking.rs:390
Dec 02 16:44:20.258 INFO [stdout]    6:     0x55cd0da16e25 - rust_begin_unwind
Dec 02 16:44:20.258 INFO [stdout]                                at libstd/panicking.rs:325
Dec 02 16:44:20.258 INFO [stdout]    7:     0x55cd0da5a43c - core::panicking::panic_fmt::h6f9cebf5e7474a0b
Dec 02 16:44:20.258 INFO [stdout]                                at libcore/panicking.rs:77
Dec 02 16:44:20.258 INFO [stdout]    8:     0x55cd0d9c2e67 - core::result::unwrap_failed::h5e79e7d81653d0ce
Dec 02 16:44:20.258 INFO [stdout]                                at libcore/macros.rs:26
Dec 02 16:44:20.258 INFO [stdout]    9:     0x55cd0d9c20ab - <core::result::Result<T, E>>::unwrap::ha920289f04cb5e9e
Dec 02 16:44:20.258 INFO [stdout]                                at libcore/result.rs:808
Dec 02 16:44:20.258 INFO [stdout]   10:     0x55cd0d99a598 - simplebase::engine::save_hash_database::hf10a04f8f609e806
Dec 02 16:44:20.258 INFO [stdout]                                at src/engine/mod.rs:100
Dec 02 16:44:20.258 INFO [stdout]   11:     0x55cd0d9a0fa8 - simplebase::engine::RecordData::save_database::h1472ad8b9d823ddb
Dec 02 16:44:20.258 INFO [stdout]                                at src/engine/mod.rs:837
Dec 02 16:44:20.258 INFO [stdout]   12:     0x55cd0d9a33e4 - simplebase::tests::test::test_save_and_load_database::h4c76ea620f39c6ee
Dec 02 16:44:20.258 INFO [stdout]                                at src/tests/mod.rs:73
Dec 02 16:44:20.258 INFO [stdout]   13:     0x55cd0d9a3149 - simplebase::tests::test::test_save_and_load_database::{{closure}}::h2850e62cf7134504
Dec 02 16:44:20.258 INFO [stdout]                                at src/tests/mod.rs:60
Dec 02 16:44:20.259 INFO [stdout]   14:     0x55cd0d9ae4fd - core::ops::function::FnOnce::call_once::hfbcfa66e82ce3d41
Dec 02 16:44:20.259 INFO [stdout]                                at libcore/ops/function.rs:238
Dec 02 16:44:20.259 INFO [stdout]   15:     0x55cd0d9c6dbe - <F as alloc::boxed::FnBox<A>>::call_box::hac903f91577a156c
Dec 02 16:44:20.259 INFO [stdout]                                at libtest/lib.rs:1468
Dec 02 16:44:20.259 INFO [stdout]                                at libcore/ops/function.rs:238
Dec 02 16:44:20.259 INFO [stdout]                                at liballoc/boxed.rs:672
Dec 02 16:44:20.259 INFO [stdout]   16:     0x55cd0da26f89 - __rust_maybe_catch_panic
Dec 02 16:44:20.259 INFO [stdout]                                at libpanic_unwind/lib.rs:102
Dec 02 16:44:20.259 INFO [stdout]   17:     0x55cd0d9e8a12 - std::sys_common::backtrace::__rust_begin_short_backtrace::hb8f0d0309526c184
Dec 02 16:44:20.259 INFO [stdout]                                at libstd/panicking.rs:289
Dec 02 16:44:20.259 INFO [stdout]                                at libstd/panic.rs:392
Dec 02 16:44:20.259 INFO [stdout]                                at libtest/lib.rs:1423
Dec 02 16:44:20.259 INFO [stdout]                                at libstd/sys_common/backtrace.rs:136
Dec 02 16:44:20.259 INFO [stdout]   18:     0x55cd0d9e94c4 - std::panicking::try::do_call::hc2f7c8b9a348d8db
Dec 02 16:44:20.259 INFO [stdout]                                at libstd/thread/mod.rs:409
Dec 02 16:44:20.259 INFO [stdout]                                at libstd/panic.rs:313
Dec 02 16:44:20.259 INFO [stdout]                                at libstd/panicking.rs:310
Dec 02 16:44:20.259 INFO [stdout]   19:     0x55cd0da26f89 - __rust_maybe_catch_panic
Dec 02 16:44:20.259 INFO [stdout]                                at libpanic_unwind/lib.rs:102
Dec 02 16:44:20.259 INFO [stdout]   20:     0x55cd0d9d66fc - <F as alloc::boxed::FnBox<A>>::call_box::h6bfded618e480b32
Dec 02 16:44:20.259 INFO [stdout]                                at libstd/panicking.rs:289
Dec 02 16:44:20.259 INFO [stdout]                                at libstd/panic.rs:392
Dec 02 16:44:20.259 INFO [stdout]                                at libstd/thread/mod.rs:408
Dec 02 16:44:20.259 INFO [stdout]                                at liballoc/boxed.rs:672
Dec 02 16:44:20.259 INFO [stdout]   21:     0x55cd0da14bad - std::sys_common::thread::start_thread::h4c28257d67cdf9cb
Dec 02 16:44:20.259 INFO [stdout]                                at liballoc/boxed.rs:682
Dec 02 16:44:20.259 INFO [stdout]                                at libstd/sys_common/thread.rs:24
Dec 02 16:44:20.259 INFO [stdout]   22:     0x55cd0da0a0c5 - std::sys::unix::thread::Thread::new::thread_start::hfecb2e7eff8fd34f
Dec 02 16:44:20.259 INFO [stdout]                                at libstd/sys/unix/thread.rs:90
Dec 02 16:44:20.259 INFO [stdout]   23:     0x7fb2dfd256b9 - start_thread
Dec 02 16:44:20.259 INFO [stdout]   24:     0x7fb2df84541c - clone
Dec 02 16:44:20.259 INFO [stdout]   25:                0x0 - <unknown>
Dec 02 16:44:20.259 INFO [stdout] 
Dec 02 16:44:20.259 INFO [stdout] 
Dec 02 16:44:20.259 INFO [stdout] failures:
Dec 02 16:44:20.259 INFO [stdout]     tests::test::test_save_and_load_database
Dec 02 16:44:20.259 INFO [stdout]     tests::test::test_typical_database_session
Dec 02 16:44:20.259 INFO [stdout] 
Dec 02 16:44:20.259 INFO [stdout] test result: FAILED. 11 passed; 2 failed; 0 ignored; 0 measured; 0 filtered out
Dec 02 16:44:20.259 INFO [stdout] 
Dec 02 16:44:20.260 INFO [stderr] error: test failed, to rerun pass '--lib'
Dec 02 16:44:20.261 INFO [stderr] su: No module specific data is present
Dec 02 16:44:20.587 INFO running `"docker" "inspect" "72f36a0fd4fed1e7131ba2bdb8d3e182c1be8bc8fada5dc1f23d3ad39c052c01"`
Dec 02 16:44:20.671 INFO running `"docker" "rm" "-f" "72f36a0fd4fed1e7131ba2bdb8d3e182c1be8bc8fada5dc1f23d3ad39c052c01"`
Dec 02 16:44:20.754 INFO [stdout] 72f36a0fd4fed1e7131ba2bdb8d3e182c1be8bc8fada5dc1f23d3ad39c052c01
